{"id":44,"date":"2025-08-24T17:55:35","date_gmt":"2025-08-24T17:55:35","guid":{"rendered":"https:\/\/pgoh.eu\/?page_id=44"},"modified":"2025-08-24T18:02:08","modified_gmt":"2025-08-24T18:02:08","slug":"dla-kogo-jest-miecz-sportowy","status":"publish","type":"page","link":"https:\/\/pgoh.eu\/?page_id=44","title":{"rendered":"Dla kogo jest miecz sportowy?"},"content":{"rendered":"\n<p>Ta dyscyplina jest dla ka\u017cdego. W naszych treningach bior\u0105 udzia\u0142 osoby doros\u0142e, kt\u00f3re nigdy wcze\u015bniej nie trzyma\u0142y miecza, jak i takie, kt\u00f3re zetkn\u0119\u0142y si\u0119 z rekonstrukcj\u0105 historyczn\u0105 czy innymi sportami walki.<br>Na zaj\u0119ciach nie trzeba mie\u0107 \u017cadnego do\u015bwiadczenia \u2013 zaczynamy od podstaw i prowadzimy \u0107wiczenia krok po kroku. Atmosfera jest lu\u017ana, przyjazna, a tempo dopasowane do uczestnik\u00f3w. Ka\u017cdy mo\u017ce znale\u017a\u0107 co\u015b dla siebie \u2013 od poprawy kondycji po odkrywanie pasji do dawnych technik walki.<\/p>\n","protected":false},"excerpt":{"rendered":"<p>Ta dyscyplina jest dla ka\u017cdego. W naszych treningach bior\u0105 udzia\u0142 osoby doros\u0142e, kt\u00f3re nigdy wcze\u015bniej nie trzyma\u0142y miecza, jak i takie, kt\u00f3re zetkn\u0119\u0142y si\u0119 z rekonstrukcj\u0105 historyczn\u0105 czy innymi sportami walki.Na zaj\u0119ciach nie trzeba mie\u0107 \u017cadnego do\u015bwiadczenia \u2013 zaczynamy od podstaw i prowadzimy \u0107wiczenia krok po kroku. Atmosfera jest lu\u017ana, przyjazna, a tempo dopasowane do [&hellip;]<\/p>\n","protected":false},"author":1,"featured_media":0,"parent":38,"menu_order":0,"comment_status":"closed","ping_status":"closed","template":"","meta":{"footnotes":""},"class_list":["post-44","page","type-page","status-publish","hentry"],"_links":{"self":[{"href":"https:\/\/pgoh.eu\/index.php?rest_route=\/wp\/v2\/pages\/44","targetHints":{"allow":["GET"]}}],"collection":[{"href":"https:\/\/pgoh.eu\/index.php?rest_route=\/wp\/v2\/pages"}],"about":[{"href":"https:\/\/pgoh.eu\/index.php?rest_route=\/wp\/v2\/types\/page"}],"author":[{"embeddable":true,"href":"https:\/\/pgoh.eu\/index.php?rest_route=\/wp\/v2\/users\/1"}],"replies":[{"embeddable":true,"href":"https:\/\/pgoh.eu\/index.php?rest_route=%2Fwp%2Fv2%2Fcomments&post=44"}],"version-history":[{"count":1,"href":"https:\/\/pgoh.eu\/index.php?rest_route=\/wp\/v2\/pages\/44\/revisions"}],"predecessor-version":[{"id":45,"href":"https:\/\/pgoh.eu\/index.php?rest_route=\/wp\/v2\/pages\/44\/revisions\/45"}],"up":[{"embeddable":true,"href":"https:\/\/pgoh.eu\/index.php?rest_route=\/wp\/v2\/pages\/38"}],"wp:attachment":[{"href":"https:\/\/pgoh.eu\/index.php?rest_route=%2Fwp%2Fv2%2Fmedia&parent=44"}],"curies":[{"name":"wp","href":"https:\/\/api.w.org\/{rel}","templated":true}]}}