{"id":28,"date":"2025-08-24T13:44:52","date_gmt":"2025-08-24T13:44:52","guid":{"rendered":"https:\/\/pgoh.eu\/?page_id=28"},"modified":"2025-08-24T13:44:52","modified_gmt":"2025-08-24T13:44:52","slug":"kalendarz-wydarzen","status":"publish","type":"page","link":"https:\/\/pgoh.eu\/?page_id=28","title":{"rendered":"Kalendarz wydarze\u0144"},"content":{"rendered":"\n<h1 class=\"wp-block-heading\"><\/h1>\n\n\n\n<p><strong>Wydarzenia cykliczne i wyjazdy<\/strong><br>PGOH bierze udzia\u0142 w licznych wydarzeniach w ca\u0142ej Polsce. Regularnie uczestniczymy w festiwalach w Wolinie, Ko\u0142obrzegu, Szczecinie czy Kruszwicy. Organizujemy tak\u017ce w\u0142asne biwaki i treningi otwarte, w kt\u00f3rych mog\u0105 bra\u0107 udzia\u0142 nowi cz\u0142onkowie oraz sympatycy grupy.<\/p>\n\n\n\n<p><strong>Lokalne inicjatywy<\/strong><br>Poza du\u017cymi imprezami jeste\u015bmy obecni tak\u017ce na mniejszych wydarzeniach lokalnych: festynach, jarmarkach i imprezach szkolnych. Wsp\u00f3\u0142pracujemy z instytucjami kultury i samorz\u0105dami, oferuj\u0105c pokazy i warsztaty dostosowane do r\u00f3\u017cnych grup wiekowych.<\/p>\n\n\n\n<p><strong>Jak sprawdzi\u0107 plan wydarze\u0144<\/strong><br>Aktualny kalendarz publikujemy na naszej stronie i w mediach spo\u0142eczno\u015bciowych. Je\u015bli nie wida\u0107 nadchodz\u0105cych wydarze\u0144, oznacza to, \u017ce harmonogram jest w trakcie aktualizacji.<\/p>\n","protected":false},"excerpt":{"rendered":"<p>Wydarzenia cykliczne i wyjazdyPGOH bierze udzia\u0142 w licznych wydarzeniach w ca\u0142ej Polsce. Regularnie uczestniczymy w festiwalach w Wolinie, Ko\u0142obrzegu, Szczecinie czy Kruszwicy. Organizujemy tak\u017ce w\u0142asne biwaki i treningi otwarte, w kt\u00f3rych mog\u0105 bra\u0107 udzia\u0142 nowi cz\u0142onkowie oraz sympatycy grupy. Lokalne inicjatywyPoza du\u017cymi imprezami jeste\u015bmy obecni tak\u017ce na mniejszych wydarzeniach lokalnych: festynach, jarmarkach i imprezach szkolnych. [&hellip;]<\/p>\n","protected":false},"author":1,"featured_media":0,"parent":0,"menu_order":0,"comment_status":"closed","ping_status":"closed","template":"","meta":{"footnotes":""},"class_list":["post-28","page","type-page","status-publish","hentry"],"_links":{"self":[{"href":"https:\/\/pgoh.eu\/index.php?rest_route=\/wp\/v2\/pages\/28","targetHints":{"allow":["GET"]}}],"collection":[{"href":"https:\/\/pgoh.eu\/index.php?rest_route=\/wp\/v2\/pages"}],"about":[{"href":"https:\/\/pgoh.eu\/index.php?rest_route=\/wp\/v2\/types\/page"}],"author":[{"embeddable":true,"href":"https:\/\/pgoh.eu\/index.php?rest_route=\/wp\/v2\/users\/1"}],"replies":[{"embeddable":true,"href":"https:\/\/pgoh.eu\/index.php?rest_route=%2Fwp%2Fv2%2Fcomments&post=28"}],"version-history":[{"count":1,"href":"https:\/\/pgoh.eu\/index.php?rest_route=\/wp\/v2\/pages\/28\/revisions"}],"predecessor-version":[{"id":29,"href":"https:\/\/pgoh.eu\/index.php?rest_route=\/wp\/v2\/pages\/28\/revisions\/29"}],"wp:attachment":[{"href":"https:\/\/pgoh.eu\/index.php?rest_route=%2Fwp%2Fv2%2Fmedia&parent=28"}],"curies":[{"name":"wp","href":"https:\/\/api.w.org\/{rel}","templated":true}]}}